{"id":228,"date":"2017-05-08T12:27:47","date_gmt":"2017-05-08T10:27:47","guid":{"rendered":"https:\/\/auxpetitsbizcuits.com\/?page_id=228"},"modified":"2024-06-10T15:58:39","modified_gmt":"2024-06-10T13:58:39","slug":"presentation","status":"publish","type":"page","link":"https:\/\/auxpetitsbizcuits.com\/index.php\/presentation\/","title":{"rendered":"Pr\u00e9sentation"},"content":{"rendered":"<h2 style=\"text-align: center;\">Fabrication de biscuits<\/h2>\n<div class=\"row\">\n<div class=\"col-md-6\">\n<div dir=\"auto\" style=\"text-align: left;\">\u00a0Aux Petits Biz&rsquo;cuits est cr\u00e9\u00e9 en 2011, dans le village de Balzac, en Charente.<\/div>\n<div dir=\"auto\">Au lancement, la fabrique proposait une gamme de biscuits secs, principalement des sabl\u00e9s, et une gamme de macarons, sans colorant.<\/div>\n<div dir=\"auto\">C&rsquo;est avec ces premi\u00e8res fabrications que j&rsquo;int\u00e8gre le march\u00e9 Victor Hugo \u00e0 Angoul\u00eame, en 2012.<\/div>\n<div dir=\"auto\"><\/div>\n<div dir=\"auto\">Au fil des saisons, j&rsquo;ai diversifi\u00e9 les gammes et j&rsquo;ai propos\u00e9 \u00e9galement des petits fours sal\u00e9s (quiches, pizzas, cakes) et des entremets (Poirier ou Fraisier, entremet au chocolat). Parmi ses produits \u00ab\u00a0phare\u00a0\u00bb, on retrouve notamment les meringues au chocolat, tartes au citron et moelleux au chocolat blanc et fleur d&rsquo;orangers.<\/div>\n<div dir=\"auto\"><\/div>\n<div dir=\"auto\">Pour agrandir son atelier, Aux Petits Biz&rsquo;cuits d\u00e9m\u00e9nage au Gond-Pontouvre en 2017.<\/div>\n<div dir=\"auto\"><\/div>\n<div dir=\"auto\">Les produits sont destin\u00e9s \u00e0 une large client\u00e8le pour r\u00e9pondre \u00e0 des instants de consommation divers et vari\u00e9s (particuliers, \u00e9piceries fines, mairies, comit\u00e9s d&rsquo;entreprise, march\u00e9s de producteurs).<\/div>\n<div dir=\"auto\"><\/div>\n<div dir=\"auto\">Les biscuits et p\u00e2tisseries sont totalement \u00e9labor\u00e9s par mes soins, toujours sans ajout de colorant ni conservateur. Des biscuits aux garnitures, tout est fait minutieusement pour apporter la qualit\u00e9 d&rsquo;un produit artisanal.<\/div>\n<div dir=\"auto\"><\/div>\n<\/div>\n<\/div>\n<div dir=\"auto\">Vous avez un cadeau \u00e0 faire, un cocktail sucr\u00e9 et\/ou sal\u00e9 \u00e0 organiser, un anniversaire \u00e0 f\u00eater. Vous pouvez me <a href=\"https:\/\/auxpetitsbizcuits.com\/index.php\/contacts\/\">contacter<\/a> via ce formulaire.<\/div>\n<div dir=\"auto\"><\/div>\n<div dir=\"auto\">Pauline,<\/div>\n<div class=\"row\">\n<div class=\"col-md-6\">\n<\/div>\n<\/div>\n","protected":false},"excerpt":{"rendered":"<p>Fabrication de biscuits \u00a0Aux Petits Biz&rsquo;cuits est cr\u00e9\u00e9 en 2011, dans le village de Balzac, en Charente. Au lancement, la fabrique proposait une gamme de biscuits secs, principalement des sabl\u00e9s, et une gamme de macarons, sans colorant. C&rsquo;est avec ces premi\u00e8res fabrications que j&rsquo;int\u00e8gre le march\u00e9 Victor Hugo \u00e0 Angoul\u00eame, en 2012. Au fil des&#8230;<\/p>\n<p class=\"more-link\"><a href=\"https:\/\/auxpetitsbizcuits.com\/index.php\/presentation\/\"><span>lire la suite<\/span><i>&#43;<\/i><\/a><\/p>\n","protected":false},"author":1,"featured_media":0,"parent":0,"menu_order":1,"comment_status":"closed","ping_status":"closed","template":"","meta":{"footnotes":""},"class_list":["post-228","page","type-page","status-publish","hentry"],"_links":{"self":[{"href":"https:\/\/auxpetitsbizcuits.com\/index.php\/wp-json\/wp\/v2\/pages\/228","targetHints":{"allow":["GET"]}}],"collection":[{"href":"https:\/\/auxpetitsbizcuits.com\/index.php\/wp-json\/wp\/v2\/pages"}],"about":[{"href":"https:\/\/auxpetitsbizcuits.com\/index.php\/wp-json\/wp\/v2\/types\/page"}],"author":[{"embeddable":true,"href":"https:\/\/auxpetitsbizcuits.com\/index.php\/wp-json\/wp\/v2\/users\/1"}],"replies":[{"embeddable":true,"href":"https:\/\/auxpetitsbizcuits.com\/index.php\/wp-json\/wp\/v2\/comments?post=228"}],"version-history":[{"count":0,"href":"https:\/\/auxpetitsbizcuits.com\/index.php\/wp-json\/wp\/v2\/pages\/228\/revisions"}],"wp:attachment":[{"href":"https:\/\/auxpetitsbizcuits.com\/index.php\/wp-json\/wp\/v2\/media?parent=228"}],"curies":[{"name":"wp","href":"https:\/\/api.w.org\/{rel}","templated":true}]}}

Présentation

<h2 style="text-align: center;">Fabrication de biscuits</h2>
<div class="row">
<div class="col-md-6">
<div dir="auto" style="text-align: left;"> Aux Petits Biz&rsquo;cuits est créé en 2011, dans le village de Balzac, en Charente.</div>
<div dir="auto">Au lancement, la fabrique proposait une gamme de biscuits secs, principalement des sablés, et une gamme de macarons, sans colorant.</div>
<div dir="auto">C&rsquo;est avec ces premières fabrications que j&rsquo;intègre le marché Victor Hugo à Angoulême, en 2012.</div>
<div dir="auto"></div>
<div dir="auto">Au fil des saisons, j&rsquo;ai diversifié les gammes et j&rsquo;ai proposé également des petits fours salés (quiches, pizzas, cakes) et des entremets (Poirier ou Fraisier, entremet au chocolat). Parmi ses produits « phare », on retrouve notamment les meringues au chocolat, tartes au citron et moelleux au chocolat blanc et fleur d&rsquo;orangers.</div>
<div dir="auto"></div>
<div dir="auto">Pour agrandir son atelier, Aux Petits Biz&rsquo;cuits déménage au Gond-Pontouvre en 2017.</div>
<div dir="auto"></div>
<div dir="auto">Les produits sont destinés à une large clientèle pour répondre à des instants de consommation divers et variés (particuliers, épiceries fines, mairies, comités d&rsquo;entreprise, marchés de producteurs).</div>
<div dir="auto"></div>
<div dir="auto">Les biscuits et pâtisseries sont totalement élaborés par mes soins, toujours sans ajout de colorant ni conservateur. Des biscuits aux garnitures, tout est fait minutieusement pour apporter la qualité d&rsquo;un produit artisanal.</div>
<div dir="auto"></div>
</div>
</div>
<div dir="auto">Vous avez un cadeau à faire, un cocktail sucré et/ou salé à organiser, un anniversaire à fêter. Vous pouvez me <a href="https://auxpetitsbizcuits.com/index.php/contacts/">contacter</a> via ce formulaire.</div>
<div dir="auto"></div>
<div dir="auto">Pauline,</div>
<div class="row">
<div class="col-md-6">
</div>
</div>

<p>Fabrication de biscuits  Aux Petits Biz&rsquo;cuits est créé en 2011, dans le village de Balzac, en Charente. Au lancement, la fabrique proposait une gamme de biscuits secs, principalement des sablés, et une gamme de macarons, sans colorant. C&rsquo;est avec ces premières fabrications que j&rsquo;intègre le marché Victor Hugo à Angoulême, en 2012. Au fil des&#8230;</p>
<p class="more-link"><a href="https://auxpetitsbizcuits.com/index.php/presentation/"><span>lire la suite</span><i>&#43;</i></a></p>
